{"id":150,"date":"2020-02-20T17:59:37","date_gmt":"2020-02-20T16:59:37","guid":{"rendered":"https:\/\/modellflug.fsg-luenen.de\/?page_id=150"},"modified":"2025-11-01T13:13:09","modified_gmt":"2025-11-01T12:13:09","slug":"f3b-lippeweiden-pokal","status":"publish","type":"page","link":"https:\/\/modellflug.fsg-luenen.de\/index.php\/f3b-lippeweiden-pokal\/","title":{"rendered":"F3B Lippeweiden Pokal"},"content":{"rendered":"\n<h1 class=\"wp-block-heading\"><strong>World Cup Competition F3B 20<\/strong>25<\/h1>\n\n\n\n<p><strong>27. Lippeweiden Pokal Wettbewerb 2025 f\u00fcr ferngesteuerte Segelflugmodelle der Klasse F3B als FAI-World Cup Competition<\/strong><\/p>\n\n\n\n<p><strong>15. Internationale Deutsche Meisterschaft der Klasse F3B<\/strong><\/p>\n\n\n\n<p><strong>Veranstalter:&nbsp;<\/strong>Modellflugsportverband Deutschland e.V.,<br>Ressort Sport, Sportausschuss F3B<\/p>\n\n\n\n<p>Deutscher Aero Club e.V., Bundeskommission Modellflug<strong>,&nbsp;<\/strong>Sportausschuss Segelflug, Fachreferat F3B<\/p>\n\n\n\n<p><strong>Ausrichter:&nbsp;<\/strong>Flugsportgruppe L\u00fcnen e.V. Abteilung Modellflug<\/p>\n\n\n\n<p>Mitglied im Deutschen Aero Club e.V.<\/p>\n\n\n\n<p>Mitglied im MFSD<\/p>\n\n\n\n<p>Wettbewerbsleitung: Uwe Schlaffke-Mowinkel und Peter Hubbertz<\/p>\n\n\n\n<p>Datum und Ort: Der Wettbewerb findet am 20.\/ 21. September 2025<\/p>\n\n\n\n<p>In L\u00fcnen auf dem Segelfluggel\u00e4nde L\u00fcnen Lippeweiden statt.<\/p>\n\n\n\n<p>Moltkestra\u00dfe 78a, 44536 L\u00fcnen, Germany<\/p>\n\n\n\n<div data-wp-interactive=\"core\/file\" class=\"wp-block-file\"><object data-wp-bind--hidden=\"!state.hasPdfPreview\"  class=\"wp-block-file__embed\" data=\"https:\/\/modellflug.fsg-luenen.de\/wp-content\/uploads\/2025\/09\/Ausschreibung-LippeweidenPokal-2025-de-MFSD_rev1.pdf\" type=\"application\/pdf\" style=\"width:100%;height:600px\" aria-label=\"Einbettung von Ausschreibung-LippeweidenPokal-2025-de-MFSD_rev1.\"><\/object><a id=\"wp-block-file--media-a229d01f-f34d-4f17-bd7b-ce0e9f5996d4\" href=\"https:\/\/modellflug.fsg-luenen.de\/wp-content\/uploads\/2025\/09\/Ausschreibung-LippeweidenPokal-2025-de-MFSD_rev1.pdf\">Ausschreibung-LippeweidenPokal-2025-de-MFSD_rev1<\/a><a href=\"https:\/\/modellflug.fsg-luenen.de\/wp-content\/uploads\/2025\/09\/Ausschreibung-LippeweidenPokal-2025-de-MFSD_rev1.pdf\" class=\"wp-block-file__button wp-element-button\" download aria-describedby=\"wp-block-file--media-a229d01f-f34d-4f17-bd7b-ce0e9f5996d4\">Herunterladen<\/a><\/div>\n\n\n\n<div data-wp-interactive=\"core\/file\" class=\"wp-block-file\"><object data-wp-bind--hidden=\"!state.hasPdfPreview\"  class=\"wp-block-file__embed\" data=\"https:\/\/modellflug.fsg-luenen.de\/wp-content\/uploads\/2025\/09\/Ausschreibung-LippeweidenPokal-2025-en-MFSD_rev1.pdf\" type=\"application\/pdf\" style=\"width:100%;height:600px\" aria-label=\"Einbettung von Ausschreibung-LippeweidenPokal-2025-en-MFSD_rev1.\"><\/object><a id=\"wp-block-file--media-b406131d-c041-4ca9-81c9-6e9421da7531\" href=\"https:\/\/modellflug.fsg-luenen.de\/wp-content\/uploads\/2025\/09\/Ausschreibung-LippeweidenPokal-2025-en-MFSD_rev1.pdf\">Ausschreibung-LippeweidenPokal-2025-en-MFSD_rev1<\/a><a href=\"https:\/\/modellflug.fsg-luenen.de\/wp-content\/uploads\/2025\/09\/Ausschreibung-LippeweidenPokal-2025-en-MFSD_rev1.pdf\" class=\"wp-block-file__button wp-element-button\" download aria-describedby=\"wp-block-file--media-b406131d-c041-4ca9-81c9-6e9421da7531\">Herunterladen<\/a><\/div>\n\n\n\n<div data-wp-interactive=\"core\/file\" class=\"wp-block-file\"><object data-wp-bind--hidden=\"!state.hasPdfPreview\"  class=\"wp-block-file__embed\" data=\"https:\/\/modellflug.fsg-luenen.de\/wp-content\/uploads\/2025\/09\/LWP2025_Startliste.pdf\" type=\"application\/pdf\" style=\"width:100%;height:600px\" aria-label=\"Einbettung von LWP2025_Startliste.\"><\/object><a id=\"wp-block-file--media-2c68ce14-dbca-4186-86b2-0402875ea782\" href=\"https:\/\/modellflug.fsg-luenen.de\/wp-content\/uploads\/2025\/09\/LWP2025_Startliste.pdf\">LWP2025_Startliste<\/a><a href=\"https:\/\/modellflug.fsg-luenen.de\/wp-content\/uploads\/2025\/09\/LWP2025_Startliste.pdf\" class=\"wp-block-file__button wp-element-button\" download aria-describedby=\"wp-block-file--media-2c68ce14-dbca-4186-86b2-0402875ea782\">Herunterladen<\/a><\/div>\n\n\n\n<div data-wp-interactive=\"core\/file\" class=\"wp-block-file\"><object data-wp-bind--hidden=\"!state.hasPdfPreview\"  class=\"wp-block-file__embed\" data=\"https:\/\/modellflug.fsg-luenen.de\/wp-content\/uploads\/2025\/09\/Lippeweidenpokal-Windenlinie-2025.pdf\" type=\"application\/pdf\" style=\"width:100%;height:600px\" aria-label=\"Einbettung von Lippeweidenpokal-Windenlinie-2025.\"><\/object><a id=\"wp-block-file--media-4c501136-668b-44ed-8026-ea177444f2ab\" href=\"https:\/\/modellflug.fsg-luenen.de\/wp-content\/uploads\/2025\/09\/Lippeweidenpokal-Windenlinie-2025.pdf\">Lippeweidenpokal-Windenlinie-2025<\/a><a href=\"https:\/\/modellflug.fsg-luenen.de\/wp-content\/uploads\/2025\/09\/Lippeweidenpokal-Windenlinie-2025.pdf\" class=\"wp-block-file__button wp-element-button\" download aria-describedby=\"wp-block-file--media-4c501136-668b-44ed-8026-ea177444f2ab\">Herunterladen<\/a><\/div>\n\n\n\n<div data-wp-interactive=\"core\/file\" class=\"wp-block-file\"><object data-wp-bind--hidden=\"!state.hasPdfPreview\"  class=\"wp-block-file__embed\" data=\"https:\/\/modellflug.fsg-luenen.de\/wp-content\/uploads\/2025\/11\/Ergebnis-Luenen-2025.pdf\" type=\"application\/pdf\" style=\"width:100%;height:600px\" aria-label=\"Einbettung von Ergebnis-Luenen-2025.\"><\/object><a id=\"wp-block-file--media-82304358-e79b-48dc-b1a1-87f498b30aff\" href=\"https:\/\/modellflug.fsg-luenen.de\/wp-content\/uploads\/2025\/11\/Ergebnis-Luenen-2025.pdf\">Ergebnis-Luenen-2025<\/a><a href=\"https:\/\/modellflug.fsg-luenen.de\/wp-content\/uploads\/2025\/11\/Ergebnis-Luenen-2025.pdf\" class=\"wp-block-file__button wp-element-button\" download aria-describedby=\"wp-block-file--media-82304358-e79b-48dc-b1a1-87f498b30aff\">Herunterladen<\/a><\/div>\n\n\n\n<!--nextpage-->\n\n\n\n<h1 class=\"wp-block-heading\"><strong>World Cup Competition F3B 20<\/strong>24<\/h1>\n\n\n\n<p>26. Lippeweiden Pokal Wettbewerb 2024 f\u00fcr ferngesteuerte Segelflugmodelle der Klasse F3B als FAI-World Cup Competition<\/p>\n\n\n\n<p><strong>Veranstalter:&nbsp;<\/strong>Deutscher Aero Club e.V., Bundeskommission Modellflug<strong>,&nbsp;<\/strong>Sportausschuss Segelflug, Fachreferat F3B<\/p>\n\n\n\n<p><strong>Ausrichter:&nbsp;<\/strong>Flugsportgruppe L\u00fcnen e.V. Abteilung Modellflug<\/p>\n\n\n\n<p>Mitglied im Deutschen Aero Club e.V.<\/p>\n\n\n\n<p>Wettbewerbsleitung: Uwe Schlaffke-Mowinkel und Peter Hubbertz<\/p>\n\n\n\n<p>Datum und Ort: Der Wettbewerb findet am 21.\/ 22. September 2024<\/p>\n\n\n\n<p>In L\u00fcnen auf dem Segelfluggel\u00e4nde L\u00fcnen Lippeweiden statt.<\/p>\n\n\n\n<p>Moltkestra\u00dfe 78a, 44536 L\u00fcnen, Germany<\/p>\n\n\n\n<div data-wp-interactive=\"core\/file\" class=\"wp-block-file\"><object data-wp-bind--hidden=\"!state.hasPdfPreview\"  class=\"wp-block-file__embed\" data=\"https:\/\/modellflug.fsg-luenen.de\/wp-content\/uploads\/2024\/08\/F3B-2024-Lippeweidenpokal_deutsch_Ausschreibung.pdf\" type=\"application\/pdf\" style=\"width:100%;height:600px\" aria-label=\"Einbettung von F3B-2024-Lippeweidenpokal_deutsch_Ausschreibung.\"><\/object><a id=\"wp-block-file--media-8f569214-84e2-47cc-b0a5-487a919c81f8\" href=\"https:\/\/modellflug.fsg-luenen.de\/wp-content\/uploads\/2024\/08\/F3B-2024-Lippeweidenpokal_deutsch_Ausschreibung.pdf\">F3B-2024-Lippeweidenpokal_deutsch_Ausschreibung<\/a><a href=\"https:\/\/modellflug.fsg-luenen.de\/wp-content\/uploads\/2024\/08\/F3B-2024-Lippeweidenpokal_deutsch_Ausschreibung.pdf\" class=\"wp-block-file__button wp-element-button\" download aria-describedby=\"wp-block-file--media-8f569214-84e2-47cc-b0a5-487a919c81f8\">Herunterladen<\/a><\/div>\n\n\n\n<!--nextpage-->\n\n\n\n<h1 class=\"wp-block-heading\"><strong>World Cup Competition F3B 20<\/strong>23<\/h1>\n\n\n\n<p>25. Lippeweiden Pokal Wettbewerb 2023 f\u00fcr ferngesteuerte Segelflugmodelle der Klasse F3B als FAI-World Cup Competition<\/p>\n\n\n\n<p>13. <strong>Internationale Deutsche Meisterschaft der Klasse F3B<\/strong><\/p>\n\n\n\n<p><strong>Veranstalter:&nbsp;<\/strong>Deutscher Aero Club e.V., Bundeskommission Modellflug<strong>,&nbsp;<\/strong>Sportausschuss Segelflug, Fachreferat F3B<\/p>\n\n\n\n<p><strong>Ausrichter:&nbsp;<\/strong>Flugsportgruppe L\u00fcnen e.V. Abteilung Modellflug<\/p>\n\n\n\n<p>Mitglied im Deutschen Aero Club e.V.<\/p>\n\n\n\n<p>Wettbewerbsleitung: Uwe Schlaffke-Mowinkel und Peter Hubbertz<\/p>\n\n\n\n<p>Datum und Ort: Der Wettbewerb findet am 16.\/ 17. September 2023<\/p>\n\n\n\n<p>In L\u00fcnen auf dem Segelfluggel\u00e4nde L\u00fcnen Lippeweiden statt.<\/p>\n\n\n\n<p>Moltkestra\u00dfe 78a, 44536 L\u00fcnen, Germany<\/p>\n\n\n\n<div class=\"wp-block-file\"><a href=\"https:\/\/modellflug.fsg-luenen.de\/wp-content\/uploads\/2023\/05\/F3B-2023-Lippeweidenpokal_deutsch_Ausschreibung.pdf\">F3B-2023-Lippeweidenpokal_deutsch_Ausschreibung<\/a><a href=\"https:\/\/modellflug.fsg-luenen.de\/wp-content\/uploads\/2023\/05\/F3B-2023-Lippeweidenpokal_deutsch_Ausschreibung.pdf\" class=\"wp-block-file__button wp-element-button\" download>Herunterladen<\/a><\/div>\n\n\n\n<div class=\"wp-block-file\"><a href=\"https:\/\/modellflug.fsg-luenen.de\/wp-content\/uploads\/2023\/05\/F3B-2023-Lippeweidenpokal_englisch_Ausschreibung.pdf\">F3B-2023-Lippeweidenpokal_englisch_Ausschreibung<\/a><a href=\"https:\/\/modellflug.fsg-luenen.de\/wp-content\/uploads\/2023\/05\/F3B-2023-Lippeweidenpokal_englisch_Ausschreibung.pdf\" class=\"wp-block-file__button wp-element-button\" download>Herunterladen<\/a><\/div>\n\n\n\n<div class=\"wp-block-file\"><a href=\"https:\/\/modellflug.fsg-luenen.de\/wp-content\/uploads\/2023\/09\/Ergebnis-LWP-2023.pdf\">Ergebnis-LWP-2023<\/a><a href=\"https:\/\/modellflug.fsg-luenen.de\/wp-content\/uploads\/2023\/09\/Ergebnis-LWP-2023.pdf\" class=\"wp-block-file__button wp-element-button\" download>Herunterladen<\/a><\/div>\n\n\n\n<div class=\"wp-block-media-text alignwide is-stacked-on-mobile\"><figure class=\"wp-block-media-text__media\"><img loading=\"lazy\" decoding=\"async\" width=\"1024\" height=\"576\" src=\"https:\/\/modellflug.fsg-luenen.de\/wp-content\/uploads\/2023\/09\/IMG_5353-1024x576.jpeg\" alt=\"\" class=\"wp-image-277 size-full\" srcset=\"https:\/\/modellflug.fsg-luenen.de\/wp-content\/uploads\/2023\/09\/IMG_5353-1024x576.jpeg 1024w, https:\/\/modellflug.fsg-luenen.de\/wp-content\/uploads\/2023\/09\/IMG_5353-300x169.jpeg 300w, https:\/\/modellflug.fsg-luenen.de\/wp-content\/uploads\/2023\/09\/IMG_5353-768x432.jpeg 768w, https:\/\/modellflug.fsg-luenen.de\/wp-content\/uploads\/2023\/09\/IMG_5353.jpeg 1280w\" sizes=\"(max-width: 1024px) 100vw, 1024px\" \/><\/figure><div class=\"wp-block-media-text__content\">\n<p class=\"has-large-font-size\">Mehr Infos auf F3B.de<\/p>\n\n\n\n<p><\/p>\n<\/div><\/div>\n\n\n\n<!--nextpage-->\n\n\n\n<p><strong>World Cup Competition F3B 20<\/strong>22<\/p>\n\n\n\n<p>24. Lippeweiden Pokal Wettbewerb 2022 f\u00fcr ferngesteuerte Segelflugmodelle der Klasse F3B als FAI-World Cup Competition<\/p>\n\n\n\n<p>11. Internationale Deutsche Meisterschaft der Klasse F3B<\/p>\n\n\n\n<p>Veranstalter: Flugsportgruppe L\u00fcnen e.V. Abteilung Modellflug,<\/p>\n\n\n\n<p>Mitglied im Deutschen Aero Club e.V.<\/p>\n\n\n\n<p>Wettbewerbsleitung: Uwe Schlaffke-Mowinkel und Peter Hubbertz<\/p>\n\n\n\n<p>Datum und Ort: Der Wettbewerb findet am 17.\/ 18. September 2022<\/p>\n\n\n\n<p>In L\u00fcnen auf dem Segelfluggel\u00e4nde L\u00fcnen Lippeweiden statt.<\/p>\n\n\n\n<p>Moltkestra\u00dfe 78a, 44536 L\u00fcnen, Germany<\/p>\n\n\n\n<h2 class=\"wp-block-heading\">Ergebnis LWP 2022<\/h2>\n\n\n\n<div class=\"wp-block-file\"><a href=\"https:\/\/modellflug.fsg-luenen.de\/wp-content\/uploads\/2022\/09\/Ergebnis-L\u00fcnen_2022.pdf\">Ergebnis-L\u00fcnen_2022<\/a><a href=\"https:\/\/modellflug.fsg-luenen.de\/wp-content\/uploads\/2022\/09\/Ergebnis-L\u00fcnen_2022.pdf\" class=\"wp-block-file__button wp-element-button\" download>Herunterladen<\/a><\/div>\n\n\n\n<p>Ausschreibung:<\/p>\n\n\n\n<div class=\"wp-block-file\"><a href=\"https:\/\/modellflug.fsg-luenen.de\/wp-content\/uploads\/2022\/06\/F3B-2022-Lippeweidenpokal_deutsch_Ausschreibung.pdf\">F3B-2022-Lippeweidenpokal_deutsch_Ausschreibung<\/a><a href=\"https:\/\/modellflug.fsg-luenen.de\/wp-content\/uploads\/2022\/06\/F3B-2022-Lippeweidenpokal_deutsch_Ausschreibung.pdf\" class=\"wp-block-file__button wp-element-button\" download>Herunterladen<\/a><\/div>\n\n\n\n<p><\/p>\n\n\n\n<!--nextpage-->\n\n\n\n<h1 class=\"wp-block-heading\"><strong>World Cup Competition F3B 20<\/strong>21<\/h1>\n\n\n\n<p>23. Lippeweiden Pokal Wettbewerb 2021 f\u00fcr ferngesteuerte Segelflugmodelle der Klasse F3B als FAI-World Cup Competition<\/p>\n\n\n\n<p>Veranstalter: Flugsportgruppe L\u00fcnen e.V. Abteilung Modellflug,<\/p>\n\n\n\n<p>                              Mitglied im Deutschen Aero Club e.V.<\/p>\n\n\n\n<p>Wettbewerbsleitung: Uwe Schlaffke-Mowinkel und Peter Hubbertz<\/p>\n\n\n\n<p>Datum und Ort: Der Wettbewerb findet am 18.\/ 19. September 2021<\/p>\n\n\n\n<p>In L\u00fcnen auf dem Segelfluggel\u00e4nde L\u00fcnen Lippeweiden statt.<\/p>\n\n\n\n<p>Moltkestra\u00dfe 78a, 44536 L\u00fcnen, Germany<\/p>\n\n\n\n<p>Ausschreibung:<\/p>\n\n\n\n<div class=\"wp-block-file\"><a href=\"https:\/\/modellflug.fsg-luenen.de\/wp-content\/uploads\/2021\/09\/F3B-2021-Lippeweidenpokal_deutsch.pdf\">F3B-2021-Lippeweidenpokal_deutsch<\/a><a href=\"https:\/\/modellflug.fsg-luenen.de\/wp-content\/uploads\/2021\/09\/F3B-2021-Lippeweidenpokal_deutsch.pdf\" class=\"wp-block-file__button wp-element-button\" download>Herunterladen<\/a><\/div>\n\n\n\n<div class=\"wp-block-file\"><a href=\"https:\/\/modellflug.fsg-luenen.de\/wp-content\/uploads\/2021\/09\/Hygienekonzept-f\u00fcr-int-Modellflugwettbewerbs-der-Klasse-F3B_final.pdf\">Hygienekonzept-f\u00fcr-int-Modellflugwettbewerbs-der-Klasse-F3B_final<\/a><a href=\"https:\/\/modellflug.fsg-luenen.de\/wp-content\/uploads\/2021\/09\/Hygienekonzept-f\u00fcr-int-Modellflugwettbewerbs-der-Klasse-F3B_final.pdf\" class=\"wp-block-file__button wp-element-button\" download>Herunterladen<\/a><\/div>\n\n\n\n<div class=\"wp-block-file\"><a href=\"https:\/\/modellflug.fsg-luenen.de\/wp-content\/uploads\/2021\/09\/Corona-Hygienekonzept_en.pdf\">Corona-Hygienekonzept_en<\/a><a href=\"https:\/\/modellflug.fsg-luenen.de\/wp-content\/uploads\/2021\/09\/Corona-Hygienekonzept_en.pdf\" class=\"wp-block-file__button wp-element-button\" download>Herunterladen<\/a><\/div>\n\n\n\n<!--nextpage-->\n\n\n\n<h1 class=\"wp-block-heading\"><strong>World Cup Competition F3B 20<\/strong>20<\/h1>\n\n\n\n<p>Hallo<br>Die Verordnung zum Schutz vor Neuinfizierungen mit dem Coronavirus SARS-CoV-2 erlaubt es uns nicht, auf der \u00d6ffentlichen Sportst\u00e4tte ( unserem Segelflugplatz), einen Wettbewerb in dieser Gr\u00f6\u00dfe durchzuf\u00fchren.<br>Der Lippeweiden Pokal in L\u00fcnen f\u00e4llt aus.<br>Gru\u00df Uwe und Peter<\/p>\n\n\n\n<p><s>23. Lippeweiden Pokal Wettbewerb 2020 f\u00fcr ferngesteuerte Segelflugmodelle der Klasse F3B als FAI-World Cup Competition<\/s><\/p>\n\n\n\n<p><s>Veranstalter: Flugsportgruppe L\u00fcnen e.V. Abteilung Modellflug,<\/s><\/p>\n\n\n\n<p>                              <s>Mitglied im Deutschen Aero Club e.V.<\/s><\/p>\n\n\n\n<p><s>Wettbewerbsleitung: Uwe Schlaffke-Mowinkel und Peter Hubbertz<\/s><\/p>\n\n\n\n<p><s>Datum und Ort: Der Wettbewerb findet am 19.\/ 20. September 2020<\/s><\/p>\n\n\n\n<p><s>In L\u00fcnen auf dem Segelfluggel\u00e4nde L\u00fcnen Lippeweiden statt.<\/s><\/p>\n\n\n\n<p><s>Moltkestra\u00dfe 78a, 44536 L\u00fcnen, Germany<\/s><\/p>\n\n\n\n<p><s>Ausschreibung bald hier<\/s><\/p>\n\n\n\n<!--nextpage-->\n\n\n\n<h2 class=\"wp-block-heading\"><strong>World Cup Competition F3B 2019<\/strong><\/h2>\n\n\n\n<p>22. Lippeweiden Pokal Wettbewerb 2019 f\u00fcr ferngesteuerte Segelflugmodelle der Klasse F3B als FAI-World Cup Competition<\/p>\n\n\n\n<p>Veranstalter: Flugsportgruppe L\u00fcnen e.V. Abteilung Modellflug, Mitglied im Deutschen Aero Club e.V.<\/p>\n\n\n\n<p>Wettbewerbsleitung: Uwe\nSchlaffke-Mowinkel und Peter Hubbertz<\/p>\n\n\n\n<p>Datum und Ort: Der Wettbewerb findet am 21.\/ 22. September 2019<\/p>\n\n\n\n<p>In L\u00fcnen auf dem\nSegelfluggel\u00e4nde L\u00fcnen Lippeweiden statt.<\/p>\n\n\n\n<p>Moltkestra\u00dfe 78a, 44536 L\u00fcnen, Germany<\/p>\n\n\n\n<p class=\"has-text-align-center\">World Cup Competition L\u00fcnen is over <br>Die Sieger nach 3 Durchg\u00e4ngen und einer Aufgabe<\/p>\n\n\n<div class=\"wp-block-image\">\n<figure class=\"aligncenter\"><img loading=\"lazy\" decoding=\"async\" width=\"319\" height=\"201\" src=\"https:\/\/modellflug.fsg-luenen.de\/wp-content\/uploads\/2019\/09\/Sieger-L\u00fcnen-1.jpg\" alt=\"\" class=\"wp-image-144\" srcset=\"https:\/\/modellflug.fsg-luenen.de\/wp-content\/uploads\/2019\/09\/Sieger-L\u00fcnen-1.jpg 319w, https:\/\/modellflug.fsg-luenen.de\/wp-content\/uploads\/2019\/09\/Sieger-L\u00fcnen-1-300x189.jpg 300w\" sizes=\"(max-width: 319px) 100vw, 319px\" \/><\/figure><\/div>\n\n\n<ul>\n<li>1 Herrig, Andreas GER<br> 2 Thomas, Frank         GER<br> 3 Krischke,Johannes GER<br> 4 Sarter, Chrstoph GER<br> 5 Krogh, S\u00f6ren         DEN<br> 6 Weberschock, Martin GER<br> 7 Neumann, Matthias GER<br> 8 Jakob, Peter         GER<br> 9 Edenhofer, Helmut GER<br> 10 Gruber, Thomas GER<\/li>\n<\/ul>\n\n\n\n<div class=\"wp-block-file\"><a href=\"https:\/\/modellflug.fsg-luenen.de\/wp-content\/uploads\/2019\/09\/LWP2019.xlsx\">Ergebnis L\u00fcnen 2019<\/a><a href=\"https:\/\/modellflug.fsg-luenen.de\/wp-content\/uploads\/2019\/09\/LWP2019.xlsx\" class=\"wp-block-file__button wp-element-button\" download>Herunterladen<\/a><\/div>\n\n\n\n<h2 class=\"wp-block-heading\">Speed Knock Out 2019<\/h2>\n\n\n\n<h4 class=\"wp-block-heading\"> and the winner is,   Andreas Herrig<br> Nach Spannenden Rennen der Teams Badesalz und FOO konnte Andreas erneut den Speed Knock Out in L\u00fcnen gewinnen.<br> Herzlichen Gl\u00fcckwunsch.<\/h4>\n\n\n\n<div class=\"wp-block-file\"><a href=\"https:\/\/modellflug.fsg-luenen.de\/wp-content\/uploads\/2020\/02\/Speed-Knock-Out.pdf\">Speed-Knock-Out<\/a><a href=\"https:\/\/modellflug.fsg-luenen.de\/wp-content\/uploads\/2020\/02\/Speed-Knock-Out.pdf\" class=\"wp-block-file__button wp-element-button\" download>Herunterladen<\/a><\/div>\n\n\n\n<h2 class=\"wp-block-heading\">Neue Rookies braucht der Sport.<\/h2>\n\n\n\n<h4 class=\"wp-block-heading\"> Wir durften wieder 3 Rookies in L\u00fcnen Begr\u00fc\u00dfen.<br> Rookie Wertung<br> 1 Petersen, Regnar     DEN<br> 2  Ebbeler, Patrick     GER<br> 3  Hahne, Michael       GER <\/h4>\n\n\n\n<h2 class=\"wp-block-heading\">Ausschreibung \/ Startliste:<\/h2>\n\n\n\n<div class=\"wp-block-file\"><a href=\"https:\/\/modellflug.fsg-luenen.de\/wp-content\/uploads\/2019\/06\/F3B-2019-Lippeweidenpokal_deutsch_final.pdf\">F3B-2019-Lippeweidenpokal_deutsch_final<\/a><a href=\"https:\/\/modellflug.fsg-luenen.de\/wp-content\/uploads\/2019\/06\/F3B-2019-Lippeweidenpokal_deutsch_final.pdf\" class=\"wp-block-file__button wp-element-button\" download>Herunterladen<\/a><\/div>\n\n\n\n<div class=\"wp-block-file\"><a href=\"https:\/\/modellflug.fsg-luenen.de\/wp-content\/uploads\/2019\/06\/F3B-2019-Lippeweidenpokal_englisch_final.pdf\">F3B-2019-Lippeweidenpokal_englisch_final<\/a><a href=\"https:\/\/modellflug.fsg-luenen.de\/wp-content\/uploads\/2019\/06\/F3B-2019-Lippeweidenpokal_englisch_final.pdf\" class=\"wp-block-file__button wp-element-button\" download>Herunterladen<\/a><\/div>\n\n\n\n<div class=\"wp-block-file\"><a href=\"https:\/\/modellflug.fsg-luenen.de\/wp-content\/uploads\/2019\/09\/LWP2019_Startliste.pdf\">LWP2019_Startliste<\/a><a href=\"https:\/\/modellflug.fsg-luenen.de\/wp-content\/uploads\/2019\/09\/LWP2019_Startliste.pdf\" class=\"wp-block-file__button wp-element-button\" download>Herunterladen<\/a><\/div>\n\n\n\n<div class=\"wp-block-file\"><a href=\"https:\/\/modellflug.fsg-luenen.de\/wp-content\/uploads\/2019\/09\/Winchline-Lippeweidenpokal-2019.pdf\">Winchline-Lippeweidenpokal-2019<\/a><a href=\"https:\/\/modellflug.fsg-luenen.de\/wp-content\/uploads\/2019\/09\/Winchline-Lippeweidenpokal-2019.pdf\" class=\"wp-block-file__button wp-element-button\" download>Herunterladen<\/a><\/div>\n\n\n\n<!--nextpage-->\n\n\n\n<h1 class=\"wp-block-heading\">F3B Lippeweiden Pokal 2018<\/h1>\n","protected":false},"excerpt":{"rendered":"<p>World Cup Competition F3B 2025 27. Lippeweiden Pokal Wettbewerb 2025 f\u00fcr ferngesteuerte Segelflugmodelle der Klasse F3B als FAI-World Cup Competition 15. Internationale Deutsche Meisterschaft der Klasse F3B Veranstalter:&nbsp;Modellflugsportverband Deutschland e.V.,Ressort Sport, Sportausschuss F3B Deutscher Aero Club e.V., Bundeskommission Modellflug,&nbsp;Sportausschuss Segelflug, &hellip; <a href=\"https:\/\/modellflug.fsg-luenen.de\/index.php\/f3b-lippeweiden-pokal\/\">Weiterlesen <span class=\"meta-nav\">&rarr;<\/span><\/a><\/p>\n","protected":false},"author":2,"featured_media":152,"parent":0,"menu_order":2,"comment_status":"closed","ping_status":"closed","template":"","meta":{"footnotes":""},"_links":{"self":[{"href":"https:\/\/modellflug.fsg-luenen.de\/index.php\/wp-json\/wp\/v2\/pages\/150"}],"collection":[{"href":"https:\/\/modellflug.fsg-luenen.de\/index.php\/wp-json\/wp\/v2\/pages"}],"about":[{"href":"https:\/\/modellflug.fsg-luenen.de\/index.php\/wp-json\/wp\/v2\/types\/page"}],"author":[{"embeddable":true,"href":"https:\/\/modellflug.fsg-luenen.de\/index.php\/wp-json\/wp\/v2\/users\/2"}],"replies":[{"embeddable":true,"href":"https:\/\/modellflug.fsg-luenen.de\/index.php\/wp-json\/wp\/v2\/comments?post=150"}],"version-history":[{"count":26,"href":"https:\/\/modellflug.fsg-luenen.de\/index.php\/wp-json\/wp\/v2\/pages\/150\/revisions"}],"predecessor-version":[{"id":325,"href":"https:\/\/modellflug.fsg-luenen.de\/index.php\/wp-json\/wp\/v2\/pages\/150\/revisions\/325"}],"wp:featuredmedia":[{"embeddable":true,"href":"https:\/\/modellflug.fsg-luenen.de\/index.php\/wp-json\/wp\/v2\/media\/152"}],"wp:attachment":[{"href":"https:\/\/modellflug.fsg-luenen.de\/index.php\/wp-json\/wp\/v2\/media?parent=150"}],"curies":[{"name":"wp","href":"https:\/\/api.w.org\/{rel}","templated":true}]}}